109. Let a(d) = -2*d - 1. Let l be a(-2). Calculate the greatest common divisor of b and l.
3
Let h(q) = -101*q + 1125. Let f be h(11). Calculate the greatest common factor of f and 40.
2
Let v = 201 - 113. What is the highest common factor of v and 33?
11
Suppose 0 = -5*j - 15. Let g(x) = -x - 2. Let m be g(j). Let k be 0 - -25 - 4/m. What is the greatest common factor of k and 168?
21
Let v be -5 + (561/68)/(6/16). Calculate the greatest common divisor of v and 323.
17
Suppose 54*r - 57*r = -3*p - 567, -4*r + p = -747. Calculate the greatest common factor of r and 651.
93
Let h = 749 - 397. Calculate the greatest common divisor of h and 11.
11
Suppose w + 6552 = 8*w. Suppose 0*u + 936 = 3*u + 4*k, -3*u + w = 2*k. Calculate the highest common divisor of u and 39.
39
Suppose 4*t = 0, 0 = h + 2*t + 2*t - 3. Suppose -s = -3*k + 86, 0 = h*k + k + 4*s - 136. What is the greatest common divisor of 45 and k?
15
Let q = -1478 - -1652. Calculate the greatest common factor of 12 and q.
6
Let d be -4 + (-2)/(8/(-132)). Let l(h) = -h**3 - 12*h**2 - 7*h + 3. Let w be l(-12). What is the highest common factor of w and d?
29
Suppose -2*q = -6*u + 2*u - 194, -q = -u - 101. What is the highest common factor of q and 15?
15
Suppose -99 = i + 176. Let z = -54 - i. What is the highest common factor of z and 17?
17
Let d(p) = -3*p - 1. Let v be d(-8). Let m = 3 + v. Calculate the greatest common divisor of 13 and m.
13
Let i be 52 + (-25)/5 + 9. What is the greatest common divisor of i and 1288?
56
Let m(u) = -40*u + 5. Let h be m(2). Let i = h + 93. What is the greatest common factor of 45 and i?
9
Let t(b) = b**2 - 2*b. Let r be t(-3). Let w = -23 - -26. Calculate the highest common factor of r and w.
3
Suppose 10 = a - 13. Suppose a = -2*p + 103. Calculate the highest common divisor of 8 and p.
8
Suppose 16*y = 3*y + 182. Calculate the greatest common factor of y and 1778.
14
Let j(n) = 15*n**2 + 1. Suppose 3*r = 3*s - 1 - 2, -25 = 5*s + 5*r. Let b be -1 - s/(-2)*0. Let h be j(b). Calculate the greatest common factor of h and 80.
16
Suppose 0 = -31*u + 24*u + 469. Calculate the greatest common factor of 268 and u.
67
Let g = 1308 + -1193. What is the greatest common divisor of 299 and g?
23
Suppose 3 = 3*o - 6. Suppose -3*k + 5 = 7*v - 3*v, -5*v + 1 = o*k. What is the greatest common factor of k and 70?
7
Let c = -821 - -911. Suppose 4*z + 4*t - 18 = 18, 0 = -3*z - t + 29. Calculate the greatest common divisor of z and c.
10
Let r be (3 + 0)/(2 + (-65)/30). Let j = -10 - r. What is the highest common divisor of j and 8?
8
Let z(h) = -3*h**2 + 18*h + 7. Let k be z(5). What is the greatest common divisor of 77 and k?
11
Let u = -6250 - -6260. Let o = -44 + 124. What is the greatest common divisor of o and u?
10
Let y(r) = -r**3 + 3*r**2 + 4. Let w be y(3). Let k be ((-27)/18)/((-3)/w). Let f be (21/k + 3)*2. What is the highest common factor of f and 3?
3
Suppose -20 - 12 = -4*w. Let j be ((-284)/(-6))/((-40)/60). Let q = 111 + j. What is the greatest common divisor of q and w?
8
Let b = -1911 + 2810. Calculate the greatest common divisor of b and 31.
31
Let c = 175 + 12. What is the greatest common factor of c and 11?
11
Suppose -2*y = 2*a - 24, 3*y - 4*a = 6*y - 40. Calculate the highest common divisor of 332 and y.
4
Let w(i) = -i**2 + 8*i + 10. Suppose -5*p - 4*m + 48 = 0, 3*p - 4*p - 2*m + 12 = 0. Let z be w(p). What is the highest common factor of 25 and z?
5
Let k = 2 - -1. Let i(r) = r**3 - 2*r**2 - 7*r + 4. Let v be i(k). Let p be v/44 + 90/11. Calculate the greatest common factor of 12 and p.
4
Let f(j) = -j + 7. Let u be f(1). Let r(v) = v**3 - 6*v**2 + 7*v + 6. Let m be r(u). What is the highest common factor of 60 and m?
12
Suppose -455 = -3*a + 166. Let i(n) = 4*n - 5. Suppose 20 - 6 = 2*c. Let l be i(c). What is the highest common divisor of l and a?
23
Let f be (0 - (1 + -18))*1. Suppose c - f = 11. What is the greatest common factor of 112 and c?
28
Suppose -67 = 4*a + h + 148, -5*a + 2*h = 285. Let n = 57 + a. What is the greatest common divisor of n and 1?
1
Suppose 2*n = 10 - 2, 0 = -2*v + 2*n - 2. Calculate the greatest common factor of 3 and v.
3
Let v(t) = -63*t + 245. Let b be v(3). What is the greatest common divisor of b and 84?
28
Let g(m) = m**2 - 26*m + 225. Let v be g(15). Calculate the greatest common factor of 1140 and v.
60
Suppose 0*m + 198 = 5*j - 2*m, 170 = 5*j + 5*m. Suppose 23*y + 418 = 1108 + 621. Calculate the greatest common divisor of y and j.
19
Suppose 4*c - 189 = h, 2*c - 2*h = 43 + 47. Let q = 7971 + -7953. What is the highest common divisor of c and q?
6
Let z be ((-1820)/(-195))/(2/36). Calculate the greatest common factor of 210 and z.
42
Let h(v) = -4*v - v**2 + 6 + 3 - 6. Let u be h(-4). Suppose -p = -u*p + 18. Calculate the highest common divisor of 27 and p.
9
Let j(y) = -2*y + 15. Let p be j(3). Calculate the greatest common divisor of p and 162.
9
Suppose 4*d = 5*c - 10*c + 233, -d = -3*c + 133. Calculate the greatest common divisor of c and 15.
15
Let r be 6 + -12 + 9 + 3/(-1). Suppose -2*h - 15 = 3*h, -4*o - 3*h + 383 = r. What is the greatest common factor of 14 and o?
14
Let j be 44/(-12) - (-6)/9. Let x be (j + (-100)/(-4))*1. What is the highest common divisor of x and 44?
22
Let y be (2780 - -3) + 1 + 0. Suppose 4*h - 3*j = -0*j - 2238, -y = 5*h + 3*j. Let u be h/(-54) - (-2)/3. Calculate the greatest common divisor of 77 and u.
11
Let f(v) = 4*v**3 - 2*v**3 + 1 - 3. Let j be f(2). Calculate the greatest common divisor of 28 and j.
14
Let z(v) = -v**2 - v - 1. Let n(x) = x**3 + 7*x**2 - x + 3. Let y(l) = -n(l) + 2*z(l). Let s be y(-9). What is the greatest common divisor of s and 20?
4
Let i(y) = 6*y - 30. Let w be i(6). Suppose 38 = w*x - 70. Calculate the greatest common divisor of x and 2.
2
Let z be ((-12)/(-10))/(12/40). Let m be (6 - 3)*(-8)/3. Let u be 6/(-8) - 230/m. Calculate the highest common divisor of u and z.
4
Suppose 0*o - 30 = -2*o. Let h = 18 - o. Suppose -126 = -6*x + h*x. What is the highest common factor of x and 6?
6
Suppose 2*k - 4*k = 0. Let o = -149 - -149. Suppose k = -o*w + 5*w - 40. What is the highest common divisor of 20 and w?
4
Let a be ((-3)/(-2))/(-4 + 337/84). Let u be ((-24)/28)/(5/(-245)). Calculate the highest common divisor of u and a.
42
Let y be 1*-3 + (-24)/(-3). Let d(j) = 3*j - 4. Let x be d(y). Let h be x/(1/(-2 - -3)). What is the highest common factor of h and 55?
11
Suppose -166*c = -130*c - 8100. Let i be (-1)/(-3) - (-298)/6. Suppose -50 - i = -4*x. What is the greatest common factor of x and c?
25
Let w be (-3)/9*((-1260)/6 - -9). What is the highest common factor of w and 536?
67
Let p(y) = 48 + 159*y - 316*y + 159*y. Let t be p(-16). Calculate the greatest common divisor of t and 24.
8
Let t = -1576 - -3352. What is the greatest common divisor of t and 48?
48
Let d = 49 + 58. Suppose -7*i + d = -19. Calculate the highest common divisor of i and 144.
18
Suppose -s + 2047 = 4*t, -1 = 13*s - 12*s. Calculate the greatest common divisor of t and 64.
64
Let o(p) = p**2 + 6*p + 25. Let r be o(-6). Let i = 75 + -25. What is the highest common factor of i and r?
25
Suppose r + r = -3*p - 34, 5*r - 4*p + 62 = 0. Let g = r + 29. Let h(y) = 25*y**2 - 3*y - 4. Let v be h(2). What is the greatest common divisor of g and v?
15
Suppose 2*r + 2 = 8. Suppose -r*w - 34 = -202. Calculate the highest common factor of 8 and w.
8
Let x(y) = -y**2 + 7*y + 8. Let j be x(4). Suppose 392 = -12*s + 1832. Calculate the highest common divisor of s and j.
20
Let w(s) = 4*s**2 - 2. Let f be w(-1). Suppose x - f = -1. What is the highest common factor of 3 and x?
1
Suppose a - 8 = -a. Let y(s) = -s**3 + 3*s**2 + s + 1. Let g be y(3). What is the greatest common divisor of g and a?
4
Let v = 83 - 69. Suppose -v = -4*d + 14. Calculate the greatest common divisor of 112 and d.
7
Suppose -34 = 2*u - 2*h, u - 2 = 3*h - 27. Let t = 20 + u. Suppose -2*r - 100 = -t*r. What is the highest common factor of 50 and r?
10
Let z = -108 - -139. Let v be z - (-8 - -3 - 0). What is the highest common divisor of v and 48?
12
Suppose 4*a - 4*t + 0*t - 16 = 0, -5*a - t + 32 = 0. Let k(q) = -q**2 - 14*q - 37. Let b be k(-7). Calculate the greatest common factor of b and a.
6
Let t be 0 + -2 - (-18